{"id":16863,"date":"2019-01-04T09:05:16","date_gmt":"2019-01-04T09:05:16","guid":{"rendered":"http:\/\/consulta-europa.com\/about\/"},"modified":"2023-01-20T16:51:40","modified_gmt":"2023-01-20T16:51:40","slug":"about","status":"publish","type":"page","link":"https:\/\/consulta-europa.com\/fr\/about\/","title":{"rendered":"A propos de nous"},"content":{"rendered":"<h2 style=\"text-align: left;\"><span style=\"color: #aecb35;\"><strong>Nous sommes Consulta Europa<\/strong><\/span><\/h2>\n<p>Nous sommes une PME sp\u00e9cialis\u00e9e dans la gestion de projets de recherche, d&#8217;\u00e9ducation et d&#8217;innovation bas\u00e9e dans les \u00eeles Canaries, une r\u00e9gion ultrap\u00e9riph\u00e9rique espagnole situ\u00e9e pr\u00e8s de la c\u00f4te marocaine, dans l&#8217;oc\u00e9an Atlantique. Consulta Europa est n\u00e9e en 2009 en tant qu&#8217;agence priv\u00e9e de d\u00e9veloppement local et centre de connaissances dans le but de fournir des solutions innovantes au niveau de l&#8217;Union europ\u00e9enne (UE) pour les probl\u00e8mes locaux en g\u00e9n\u00e9ral et plus sp\u00e9cifiquement pour les \u00eeles Canaries.<\/p>\n","protected":false},"excerpt":{"rendered":"<p>Nous sommes Consulta Europa Nous sommes une PME sp\u00e9cialis\u00e9e dans la gestion de projets de recherche, d&#8217;\u00e9ducation et d&#8217;innovation bas\u00e9e dans les \u00eeles Canaries, une r\u00e9gion ultrap\u00e9riph\u00e9rique espagnole situ\u00e9e pr\u00e8s de la c\u00f4te marocaine, dans l&#8217;oc\u00e9an Atlantique. Consulta Europa est n\u00e9e en 2009 en tant qu&#8217;agence priv\u00e9e de d\u00e9veloppement local et centre de connaissances dans [&hellip;]<\/p>\n","protected":false},"author":1,"featured_media":20976,"parent":0,"menu_order":0,"comment_status":"closed","ping_status":"closed","template":"page-about.php","meta":{"inline_featured_image":false,"_FSMCFIC_featured_image_caption":"","_FSMCFIC_featured_image_nocaption":"","_FSMCFIC_featured_image_hide":""},"acf":[],"_links":{"self":[{"href":"https:\/\/consulta-europa.com\/fr\/wp-json\/wp\/v2\/pages\/16863"}],"collection":[{"href":"https:\/\/consulta-europa.com\/fr\/wp-json\/wp\/v2\/pages"}],"about":[{"href":"https:\/\/consulta-europa.com\/fr\/wp-json\/wp\/v2\/types\/page"}],"author":[{"embeddable":true,"href":"https:\/\/consulta-europa.com\/fr\/wp-json\/wp\/v2\/users\/1"}],"replies":[{"embeddable":true,"href":"https:\/\/consulta-europa.com\/fr\/wp-json\/wp\/v2\/comments?post=16863"}],"version-history":[{"count":17,"href":"https:\/\/consulta-europa.com\/fr\/wp-json\/wp\/v2\/pages\/16863\/revisions"}],"predecessor-version":[{"id":23839,"href":"https:\/\/consulta-europa.com\/fr\/wp-json\/wp\/v2\/pages\/16863\/revisions\/23839"}],"wp:featuredmedia":[{"embeddable":true,"href":"https:\/\/consulta-europa.com\/fr\/wp-json\/wp\/v2\/media\/20976"}],"wp:attachment":[{"href":"https:\/\/consulta-europa.com\/fr\/wp-json\/wp\/v2\/media?parent=16863"}],"curies":[{"name":"wp","href":"https:\/\/api.w.org\/{rel}","templated":true}]}}

<h2 style="text-align: left;"><span style="color: #aecb35;"><strong>Nous sommes Consulta Europa</strong></span></h2>
<p>Nous sommes une PME spécialisée dans la gestion de projets de recherche, d&#8217;éducation et d&#8217;innovation basée dans les îles Canaries, une région ultrapériphérique espagnole située près de la côte marocaine, dans l&#8217;océan Atlantique. Consulta Europa est née en 2009 en tant qu&#8217;agence privée de développement local et centre de connaissances dans le but de fournir des solutions innovantes au niveau de l&#8217;Union européenne (UE) pour les problèmes locaux en général et plus spécifiquement pour les îles Canaries.</p>

<p>Nous sommes Consulta Europa Nous sommes une PME spécialisée dans la gestion de projets de recherche, d&#8217;éducation et d&#8217;innovation basée dans les îles Canaries, une région ultrapériphérique espagnole située près de la côte marocaine, dans l&#8217;océan Atlantique. Consulta Europa est née en 2009 en tant qu&#8217;agence privée de développement local et centre de connaissances dans [&hellip;]</p>
