{"id":23510,"date":"2023-01-04T09:55:58","date_gmt":"2023-01-04T09:55:58","guid":{"rendered":"https:\/\/consulta-europa.com\/apprenticeships\/"},"modified":"2023-01-16T09:27:31","modified_gmt":"2023-01-16T09:27:31","slug":"apprenticeships","status":"publish","type":"page","link":"https:\/\/consulta-europa.com\/es\/apprenticeships\/","title":{"rendered":"Pr\u00e1cticas"},"content":{"rendered":"\r\n<div class=\"apprenticeship-container\">\r\n    <div class=\"apprenticeship-intro-container flex_container content_boxed content_centered paddingY_50\">\r\n        <div class=\"apprenticeship-introduccion flex_half\">\r\n            <h1 class=\"text_bold color_purple margin_bottom_20\">\u00a1Comienza tu carrera con nosotros!<\/h1>\r\n            <p class=\"margin_bottom_20\"><strong class=\"color_purple\">Consulta Europa<\/strong> ha suscrito varios convenios de aprendizaje con universidades y otros centros de educaci\u00f3n y formaci\u00f3n para proporcionar a estudiantes y j\u00f3venes una experiencia de pr\u00e1cticas significativa que les ayude a mejorar sus carreras.<\/p>\r\n            <div class=\"buttons-container\">\r\n                <a class=\"purple_button\" href=\"https:\/\/consulta-europa.com\/es\/contact\/\" target=\"_blank\" rel=\"noopener\">Me interesa<\/a>\r\n            <\/div>\r\n        <\/div>\r\n        <div class=\"flex_half\">\r\n            <img src=\"https:\/\/consulta-europa.com\/wp-content\/uploads\/start-with-us.png\">\r\n        <\/div>\r\n    <\/div>\r\n    <div class=\"apprenticeship-collaborations-container paddingY_50 purple_background\">\r\n        <div class=\"apprenticeship-inner\">\r\n            <h2 class=\"text_bold color_white margin_bottom_20 text-center\">Nuestras colaboraciones<\/h2>\r\n            <div class=\"apprenticeship-collaborations owl-carousel owl-theme\">\r\n                <div class=\"apprenticeship-collaboration padding_30\">\r\n                    <div class=\"apprenticeship-collaboration-inner\">\r\n                        <img src=\"https:\/\/consulta-europa.com\/wp-content\/uploads\/escuela-de-arte-y-superior-de-diseno-gran-canaria.png\" alt=\"\">\r\n                        <p>Escuela de Arte y Superior de Dise\u00f1o Gran Canaria<\/p>\r\n                    <\/div>\r\n                <\/div>\r\n                <div class=\"apprenticeship-collaboration padding_30\">\r\n                    <div class=\"apprenticeship-collaboration-inner\">\r\n                        <img src=\"https:\/\/consulta-europa.com\/wp-content\/uploads\/fulp-logo.png\" alt=\"\">\r\n                        <p>FULP<\/p>\r\n                    <\/div>\r\n                <\/div>\r\n                <div class=\"apprenticeship-collaboration padding_30\">\r\n                    <div class=\"apprenticeship-collaboration-inner\">\r\n                        <img src=\"https:\/\/consulta-europa.com\/wp-content\/uploads\/Seal_of_the_University_of_Bologna.png\" alt=\"\">\r\n                        <p>Universidad de Bolonia<\/p>\r\n                    <\/div>\r\n                <\/div>\r\n                <div class=\"apprenticeship-collaboration padding_30\">\r\n                    <div class=\"apprenticeship-collaboration-inner\">\r\n                        <img src=\"https:\/\/consulta-europa.com\/wp-content\/uploads\/Erasmus_Logo.png\" alt=\"\">\r\n                        <p>Erasmus +<\/p>\r\n                    <\/div>\r\n                <\/div>\r\n                <div class=\"apprenticeship-collaboration padding_30\">\r\n                    <div class=\"apprenticeship-collaboration-inner\">\r\n                        <img src=\"https:\/\/consulta-europa.com\/wp-content\/uploads\/logo-diginnova.png\" alt=\"\">\r\n                        <p>Programa Diginnova<\/p>\r\n                    <\/div>\r\n                <\/div>\r\n            <\/div>\r\n        <\/div>\r\n    <\/div>\r\n    <div class=\"apprenticeship-why-us flex_container paddingY_50\">\r\n        <div class=\"apprenticeship-why-us-inner flex_container content_boxed content_centered\">\r\n            <div class=\"why-text flex_half\">\r\n                <h2 class=\"text_bold color_purple margin_bottom_20\">\u00bfPor qu\u00e9 nosotros?<\/h2>\r\n                <p class=\"margin_bottom_20\">Consulta Europa ofrece a estudiantes con diferentes formaciones acad\u00e9micas la oportunidad de adquirir experiencia pr\u00e1ctica en el \u00e1mbito de la gesti\u00f3n  de proyectos europeos. Nuestros proyectos de investigaci\u00f3n, educaci\u00f3n e innovaci\u00f3n integran diferentes disciplinas y metodolog\u00edas a la vez que involucran distintos actores, tanto a nivel local, nacional y europeo\/internacional.<\/p>\r\n                <a class=\"white_button\" href=\"https:\/\/consulta-europa.com\/es\/contact\/\" target=\"_blank\" rel=\"noopener\">Inf\u00f3rmate ahora<\/a>\r\n            <\/div>\r\n            <div class=\"why-cards flex_half flex_container\">\r\n                <div class=\"white_card flex_half\">\r\n                    <img src=\"https:\/\/consulta-europa.com\/wp-content\/uploads\/training_icon.png\" alt=\"\">\r\n                    <h3 class=\"text_bold color_purple margin_bottom_20\">Tenemos vocaci\u00f3n formadora<\/h3>\r\n                    <p>Creemos que la formaci\u00f3n continua ayuda a los estudiantes a florecer, aumenta la productividad y la motivaci\u00f3n.<\/p>\r\n                <\/div>\r\n                <div class=\"white_card flex_half\">\r\n                    <img src=\"https:\/\/consulta-europa.com\/wp-content\/uploads\/multicultural_icon.png\" alt=\"\">\r\n                    <h3 class=\"text_bold color_purple margin_bottom_20\">Equipo multicultural<\/h3>\r\n                    <p>Contamos con un equipo internacional y multidisciplinar que nos permite agregar valor a todo lo que hacemos.<\/p>\r\n                <\/div>\r\n            <\/div>\r\n        <\/div>\r\n    <\/div>\r\n    <div class=\"top_lines_container width_100 padding_0\">\r\n\t\t<div class=\"top_line\"><\/div>\r\n\t\t<div class=\"top_line\"><\/div>\r\n\t\t<div class=\"top_line\"><\/div>\r\n\t<\/div>\r\n    <div class=\"apprenticeship-opening-doors flex_container content_boxed content_centered paddingY_50\">\r\n        <div class=\"opening-doors-image flex_half\"><img src=\"https:\/\/consulta-europa.com\/wp-content\/uploads\/univerity_icon.png\" alt=\"\"><\/div>\r\n        <div class=\"opening-doors-text flex_half\">\r\n            <h2 class=\"text_bold color_purple margin_bottom_20\">Abrimos pasos al mundo laboral<\/h2>\r\n            <p class=\"margin_bottom_20\">Si est\u00e1s pensando en entrar en el mundo de los proyectos y fondos europeos, unas pr\u00e1cticas en <strong class=\"color_purple\">Consulta Europa<\/strong> podr\u00edan ser el comienzo ideal para ti.<\/p>\r\n            <a class=\"purple_button\" href=\"https:\/\/consulta-europa.com\/es\/projects\/\" target=\"_blank\" rel=\"noopener\">Saber m\u00e1s<\/a>\r\n        <\/div>\r\n    <\/div>\r\n    <div class=\"apprenticeship-our-objective purple_background\">\r\n        <div class=\"apprenticeship-our-objective-inner flex_container\">\r\n            <div class=\"flex_half\">\r\n                <h2 class=\"text_bold color_white margin_bottom_20\">Nuestro objetivo<\/h2>\r\n                <p>El objetivo de las pr\u00e1cticas es darte una impresi\u00f3n de primera mano del entorno de trabajo cotidiano de las instituciones de la Uni\u00f3n Europea. Tendr\u00e1s la oportunidad real de trabajar con consorcios y gente de toda Europa. Asumir\u00e1s la cantidad de responsabilidad que puedas asumir; el potencial de crecimiento, depender\u00e1 completamente de ti  para desarrollarlo.<\/p>\r\n            <\/div>\r\n            <div class=\"flex_half\"><img src=\"https:\/\/consulta-europa.com\/wp-content\/uploads\/objective-pic.png\" alt=\"\"><\/div>\r\n        <\/div>\r\n    <\/div>\r\n    <div class=\"apprenticeship-working-experience flex_container content_boxed content_centered paddingY_50\">\r\n        <div class=\"flex_half\"><img src=\"https:\/\/consulta-europa.com\/wp-content\/uploads\/experience-pic.png\" alt=\"\"><\/div>\r\n        <div class=\"flex_half\">\r\n            <h2 class=\"text_bold color_purple margin_bottom_20\">Comienza tu carrera en Consulta Europa<\/h2>\r\n            <p class=\"margin_bottom_20\">Debido a la variedad de tem\u00e1ticas contempladas en nuestros proyectos, buscamos diferentes perfiles acad\u00e9micos, por lo que no dudes en enviarnos tu solicitud independientemente de tu formaci\u00f3n. Se ofrecen oportunidades de pr\u00e1cticas durante todo el a\u00f1o. Como requisito m\u00ednimo, es recomendable tener un nivel C1 de ingl\u00e9s de acuerdo con el Marco com\u00fan europeo de referencia para las lenguas.<\/p>\r\n            <a class=\"purple_button\" href=\"https:\/\/consulta-europa.com\/es\/contact\/\" target=\"_blank\" rel=\"noopener\">Cont\u00e1ctanos<\/a>\r\n        <\/div>\r\n    <\/div>\r\n<!--<div class=\"apprenticeship-testimonials flex_container content_centered paddingY_50\">\r\n        <div class=\"flex_third padding_30\">\r\n            <img class=\"light_purple_shade\" src=\"https:\/\/consulta-europa.com\/wp-content\/uploads\/shape-light-purple.png\">\r\n            <img class=\"purple_shade\" src=\"https:\/\/consulta-europa.com\/wp-content\/uploads\/shape-purple.png\">\r\n            <h2 class=\"text_bold color_purple margin_bottom_20\">TESTIMONIOS<\/h2>\r\n            <h3>Lo que piensan de nosotros<\/h3>\r\n            <p class=\"margin_bottom_20\">Cada experiencia que realizan los estudiantes en pr\u00e1cticas nos aporta valor<br>...<\/p>\r\n            <a class=\"green_button\" href=\"https:\/\/consulta-europa.com\/contact\/\" target=\"_blank\" rel=\"noopener\">Pr\u00e1cticas en Consulta Europa<\/a>\r\n        <\/div>\r\n        <div class=\"flex_2_thirds padding_30\">\r\n            [testimonials category=\"169\"]\r\n        <\/div>\r\n    <\/div>-->\r\n<\/div>\r\n","protected":false},"excerpt":{"rendered":"<p>\u00a1Comienza tu carrera con nosotros! Consulta Europa ha suscrito varios convenios de aprendizaje con universidades y otros centros de educaci\u00f3n y formaci\u00f3n para proporcionar a estudiantes y j\u00f3venes una experiencia de pr\u00e1cticas significativa que les ayude a mejorar sus carreras. Me interesa Nuestras colaboraciones Escuela de Arte y Superior de Dise\u00f1o Gran Canaria FULP Universidad [&hellip;]<\/p>\n","protected":false},"author":2,"featured_media":0,"parent":0,"menu_order":0,"comment_status":"closed","ping_status":"closed","template":"","meta":{"inline_featured_image":false,"_FSMCFIC_featured_image_caption":"","_FSMCFIC_featured_image_nocaption":"","_FSMCFIC_featured_image_hide":""},"acf":[],"_links":{"self":[{"href":"https:\/\/consulta-europa.com\/es\/wp-json\/wp\/v2\/pages\/23510"}],"collection":[{"href":"https:\/\/consulta-europa.com\/es\/wp-json\/wp\/v2\/pages"}],"about":[{"href":"https:\/\/consulta-europa.com\/es\/wp-json\/wp\/v2\/types\/page"}],"author":[{"embeddable":true,"href":"https:\/\/consulta-europa.com\/es\/wp-json\/wp\/v2\/users\/2"}],"replies":[{"embeddable":true,"href":"https:\/\/consulta-europa.com\/es\/wp-json\/wp\/v2\/comments?post=23510"}],"version-history":[{"count":10,"href":"https:\/\/consulta-europa.com\/es\/wp-json\/wp\/v2\/pages\/23510\/revisions"}],"predecessor-version":[{"id":23673,"href":"https:\/\/consulta-europa.com\/es\/wp-json\/wp\/v2\/pages\/23510\/revisions\/23673"}],"wp:attachment":[{"href":"https:\/\/consulta-europa.com\/es\/wp-json\/wp\/v2\/media?parent=23510"}],"curies":[{"name":"wp","href":"https:\/\/api.w.org\/{rel}","templated":true}]}}

Prácticas

<div class="apprenticeship-container">
    <div class="apprenticeship-intro-container flex_container content_boxed content_centered paddingY_50">
        <div class="apprenticeship-introduccion flex_half">
            <h1 class="text_bold color_purple margin_bottom_20">¡Comienza tu carrera con nosotros!</h1>
            <p class="margin_bottom_20"><strong class="color_purple">Consulta Europa</strong> ha suscrito varios convenios de aprendizaje con universidades y otros centros de educación y formación para proporcionar a estudiantes y jóvenes una experiencia de prácticas significativa que les ayude a mejorar sus carreras.</p>
            <div class="buttons-container">
                <a class="purple_button" href="https://consulta-europa.com/es/contact/" target="_blank" rel="noopener">Me interesa</a>
            </div>
        </div>
        <div class="flex_half">
            <img src="https://consulta-europa.com/wp-content/uploads/start-with-us.png">
        </div>
    </div>
    <div class="apprenticeship-collaborations-container paddingY_50 purple_background">
        <div class="apprenticeship-inner">
            <h2 class="text_bold color_white margin_bottom_20 text-center">Nuestras colaboraciones</h2>
            <div class="apprenticeship-collaborations owl-carousel owl-theme">
                <div class="apprenticeship-collaboration padding_30">
                    <div class="apprenticeship-collaboration-inner">
                        <img src="https://consulta-europa.com/wp-content/uploads/escuela-de-arte-y-superior-de-diseno-gran-canaria.png" alt="">
                        <p>Escuela de Arte y Superior de Diseño Gran Canaria</p>
                    </div>
                </div>
                <div class="apprenticeship-collaboration padding_30">
                    <div class="apprenticeship-collaboration-inner">
                        <img src="https://consulta-europa.com/wp-content/uploads/fulp-logo.png" alt="">
                        <p>FULP</p>
                    </div>
                </div>
                <div class="apprenticeship-collaboration padding_30">
                    <div class="apprenticeship-collaboration-inner">
                        <img src="https://consulta-europa.com/wp-content/uploads/Seal_of_the_University_of_Bologna.png" alt="">
                        <p>Universidad de Bolonia</p>
                    </div>
                </div>
                <div class="apprenticeship-collaboration padding_30">
                    <div class="apprenticeship-collaboration-inner">
                        <img src="https://consulta-europa.com/wp-content/uploads/Erasmus_Logo.png" alt="">
                        <p>Erasmus +</p>
                    </div>
                </div>
                <div class="apprenticeship-collaboration padding_30">
                    <div class="apprenticeship-collaboration-inner">
                        <img src="https://consulta-europa.com/wp-content/uploads/logo-diginnova.png" alt="">
                        <p>Programa Diginnova</p>
                    </div>
                </div>
            </div>
        </div>
    </div>
    <div class="apprenticeship-why-us flex_container paddingY_50">
        <div class="apprenticeship-why-us-inner flex_container content_boxed content_centered">
            <div class="why-text flex_half">
                <h2 class="text_bold color_purple margin_bottom_20">¿Por qué nosotros?</h2>
                <p class="margin_bottom_20">Consulta Europa ofrece a estudiantes con diferentes formaciones académicas la oportunidad de adquirir experiencia práctica en el ámbito de la gestión  de proyectos europeos. Nuestros proyectos de investigación, educación e innovación integran diferentes disciplinas y metodologías a la vez que involucran distintos actores, tanto a nivel local, nacional y europeo/internacional.</p>
                <a class="white_button" href="https://consulta-europa.com/es/contact/" target="_blank" rel="noopener">Infórmate ahora</a>
            </div>
            <div class="why-cards flex_half flex_container">
                <div class="white_card flex_half">
                    <img src="https://consulta-europa.com/wp-content/uploads/training_icon.png" alt="">
                    <h3 class="text_bold color_purple margin_bottom_20">Tenemos vocación formadora</h3>
                    <p>Creemos que la formación continua ayuda a los estudiantes a florecer, aumenta la productividad y la motivación.</p>
                </div>
                <div class="white_card flex_half">
                    <img src="https://consulta-europa.com/wp-content/uploads/multicultural_icon.png" alt="">
                    <h3 class="text_bold color_purple margin_bottom_20">Equipo multicultural</h3>
                    <p>Contamos con un equipo internacional y multidisciplinar que nos permite agregar valor a todo lo que hacemos.</p>
                </div>
            </div>
        </div>
    </div>
    <div class="top_lines_container width_100 padding_0">
		<div class="top_line"></div>
		<div class="top_line"></div>
		<div class="top_line"></div>
	</div>
    <div class="apprenticeship-opening-doors flex_container content_boxed content_centered paddingY_50">
        <div class="opening-doors-image flex_half"><img src="https://consulta-europa.com/wp-content/uploads/univerity_icon.png" alt=""></div>
        <div class="opening-doors-text flex_half">
            <h2 class="text_bold color_purple margin_bottom_20">Abrimos pasos al mundo laboral</h2>
            <p class="margin_bottom_20">Si estás pensando en entrar en el mundo de los proyectos y fondos europeos, unas prácticas en <strong class="color_purple">Consulta Europa</strong> podrían ser el comienzo ideal para ti.</p>
            <a class="purple_button" href="https://consulta-europa.com/es/projects/" target="_blank" rel="noopener">Saber más</a>
        </div>
    </div>
    <div class="apprenticeship-our-objective purple_background">
        <div class="apprenticeship-our-objective-inner flex_container">
            <div class="flex_half">
                <h2 class="text_bold color_white margin_bottom_20">Nuestro objetivo</h2>
                <p>El objetivo de las prácticas es darte una impresión de primera mano del entorno de trabajo cotidiano de las instituciones de la Unión Europea. Tendrás la oportunidad real de trabajar con consorcios y gente de toda Europa. Asumirás la cantidad de responsabilidad que puedas asumir; el potencial de crecimiento, dependerá completamente de ti  para desarrollarlo.</p>
            </div>
            <div class="flex_half"><img src="https://consulta-europa.com/wp-content/uploads/objective-pic.png" alt=""></div>
        </div>
    </div>
    <div class="apprenticeship-working-experience flex_container content_boxed content_centered paddingY_50">
        <div class="flex_half"><img src="https://consulta-europa.com/wp-content/uploads/experience-pic.png" alt=""></div>
        <div class="flex_half">
            <h2 class="text_bold color_purple margin_bottom_20">Comienza tu carrera en Consulta Europa</h2>
            <p class="margin_bottom_20">Debido a la variedad de temáticas contempladas en nuestros proyectos, buscamos diferentes perfiles académicos, por lo que no dudes en enviarnos tu solicitud independientemente de tu formación. Se ofrecen oportunidades de prácticas durante todo el año. Como requisito mínimo, es recomendable tener un nivel C1 de inglés de acuerdo con el Marco común europeo de referencia para las lenguas.</p>
            <a class="purple_button" href="https://consulta-europa.com/es/contact/" target="_blank" rel="noopener">Contáctanos</a>
        </div>
    </div>
<!--<div class="apprenticeship-testimonials flex_container content_centered paddingY_50">
        <div class="flex_third padding_30">
            <img class="light_purple_shade" src="https://consulta-europa.com/wp-content/uploads/shape-light-purple.png">
            <img class="purple_shade" src="https://consulta-europa.com/wp-content/uploads/shape-purple.png">
            <h2 class="text_bold color_purple margin_bottom_20">TESTIMONIOS</h2>
            <h3>Lo que piensan de nosotros</h3>
            <p class="margin_bottom_20">Cada experiencia que realizan los estudiantes en prácticas nos aporta valor<br>...</p>
            <a class="green_button" href="https://consulta-europa.com/contact/" target="_blank" rel="noopener">Prácticas en Consulta Europa</a>
        </div>
        <div class="flex_2_thirds padding_30">
            [testimonials category="169"]
        </div>
    </div>-->
</div>

<p>¡Comienza tu carrera con nosotros! Consulta Europa ha suscrito varios convenios de aprendizaje con universidades y otros centros de educación y formación para proporcionar a estudiantes y jóvenes una experiencia de prácticas significativa que les ayude a mejorar sus carreras. Me interesa Nuestras colaboraciones Escuela de Arte y Superior de Diseño Gran Canaria FULP Universidad [&hellip;]</p>
