{"id":26827,"date":"2026-04-22T14:59:20","date_gmt":"2026-04-22T14:59:20","guid":{"rendered":"https:\/\/consulta-europa.com\/?post_type=mec-events&#038;p=26827"},"modified":"2026-04-27T14:38:55","modified_gmt":"2026-04-27T14:38:55","slug":"pizza-for-sdgs-talleres-practicos-sobre-sostenibilidad-para-jovenes-en-gran-canaria","status":"publish","type":"mec-events","link":"https:\/\/consulta-europa.com\/es\/events-2\/pizza-for-sdgs-talleres-practicos-sobre-sostenibilidad-para-jovenes-en-gran-canaria\/","title":{"rendered":"Pizza for SDGs: talleres pr\u00e1cticos sobre sostenibilidad para j\u00f3venes en Gran Canaria"},"content":{"rendered":"<p data-start=\"183\" data-end=\"538\">Consulta Europa organiza <em data-start=\"208\" data-end=\"224\">Pizza for SDGs<\/em>, un encuentro dirigido a j\u00f3venes de entre 16 y 25 a\u00f1os interesados en conocer y aprender de forma pr\u00e1ctica sobre los Objetivos de Desarrollo Sostenible (ODS). La actividad tendr\u00e1 lugar el pr\u00f3ximo 20 de mayo en el Espacio Joven Creativo La Grada, en Las Palmas de Gran Canaria, en horario de 10:00 a 14:00 horas.<\/p>\n<p data-start=\"540\" data-end=\"818\">El evento combinar\u00e1 la presentaci\u00f3n de experiencias reales en sostenibilidad con talleres participativos en los que los asistentes trabajar\u00e1n en grupo para desarrollar ideas propias, analizar su impacto social y explorar estrategias de implementaci\u00f3n en sus contextos locales.<\/p>\n<p data-start=\"820\" data-end=\"1169\">La jornada incluir\u00e1 un panel de casos de \u00e9xito con iniciativas vinculadas al territorio, un espacio de networking din\u00e1mico (<em data-start=\"944\" data-end=\"960\">Pizza for SDGs<\/em>) que fomentar\u00e1 el intercambio de ideas entre participantes, y tres workshops centrados en la implementaci\u00f3n de iniciativas sostenibles, la evaluaci\u00f3n del impacto social y el dise\u00f1o de estrategias de futuro.<\/p>\n<p data-start=\"1171\" data-end=\"1360\">Como resultado de su participaci\u00f3n, los asistentes recibir\u00e1n un certificado YouthPass que acredita las competencias adquiridas en el marco del aprendizaje no formal en proyectos europeos.<\/p>\n<p data-start=\"1362\" data-end=\"1420\">La participaci\u00f3n es gratuita y las plazas son limitadas.<\/p>\n<p data-start=\"1422\" data-end=\"1483\"><strong data-start=\"1425\" data-end=\"1445\">Inscr\u00edbase aqu\u00ed:<\/strong> <a class=\"decorated-link\" href=\"https:\/\/forms.gle\/3e6kZqWdxjwixG598\" target=\"_blank\" rel=\"noopener\" data-start=\"1446\" data-end=\"1481\">https:\/\/forms.gle\/3e6kZqWdxjwixG598<\/a><\/p>\n<p data-start=\"1422\" data-end=\"1483\"><strong>Puede consultar la Agenda Provisional aqu\u00ed:<\/strong> <a href=\"https:\/\/consulta-europa.com\/wp-content\/uploads\/Agenda-Provisional-Pizza-for-SDGs-1.pdf\" target=\"_blank\" rel=\"noopener\">https:\/\/consulta-europa.com\/wp-content\/uploads\/Agenda-Provisional-Pizza-for-SDGs-1.pdf<\/a><\/p>\n","protected":false},"excerpt":{"rendered":"<p>Consulta Europa organiza Pizza for SDGs, un encuentro dirigido a j\u00f3venes de entre 16 y 25 a\u00f1os interesados en conocer y aprender de forma pr\u00e1ctica sobre los Objetivos de Desarrollo Sostenible (ODS). La actividad tendr\u00e1 lugar el pr\u00f3ximo 20 de mayo en el Espacio Joven Creativo La Grada, en Las Palmas de Gran Canaria, en [&hellip;]<\/p>\n","protected":false},"author":2,"featured_media":26806,"comment_status":"closed","ping_status":"closed","template":"","tags":[],"mec_category":[151],"mec_speaker":[],"acf":[],"_links":{"self":[{"href":"https:\/\/consulta-europa.com\/es\/wp-json\/wp\/v2\/mec-events\/26827"}],"collection":[{"href":"https:\/\/consulta-europa.com\/es\/wp-json\/wp\/v2\/mec-events"}],"about":[{"href":"https:\/\/consulta-europa.com\/es\/wp-json\/wp\/v2\/types\/mec-events"}],"author":[{"embeddable":true,"href":"https:\/\/consulta-europa.com\/es\/wp-json\/wp\/v2\/users\/2"}],"replies":[{"embeddable":true,"href":"https:\/\/consulta-europa.com\/es\/wp-json\/wp\/v2\/comments?post=26827"}],"wp:featuredmedia":[{"embeddable":true,"href":"https:\/\/consulta-europa.com\/es\/wp-json\/wp\/v2\/media\/26806"}],"wp:attachment":[{"href":"https:\/\/consulta-europa.com\/es\/wp-json\/wp\/v2\/media?parent=26827"}],"wp:term":[{"taxonomy":"post_tag","embeddable":true,"href":"https:\/\/consulta-europa.com\/es\/wp-json\/wp\/v2\/tags?post=26827"},{"taxonomy":"mec_category","embeddable":true,"href":"https:\/\/consulta-europa.com\/es\/wp-json\/wp\/v2\/mec_category?post=26827"},{"taxonomy":"mec_speaker","embeddable":true,"href":"https:\/\/consulta-europa.com\/es\/wp-json\/wp\/v2\/mec_speaker?post=26827"}],"curies":[{"name":"wp","href":"https:\/\/api.w.org\/{rel}","templated":true}]}}

Pizza for SDGs: talleres prácticos sobre sostenibilidad para jóvenes en Gran Canaria

<p data-start="183" data-end="538">Consulta Europa organiza <em data-start="208" data-end="224">Pizza for SDGs</em>, un encuentro dirigido a jóvenes de entre 16 y 25 años interesados en conocer y aprender de forma práctica sobre los Objetivos de Desarrollo Sostenible (ODS). La actividad tendrá lugar el próximo 20 de mayo en el Espacio Joven Creativo La Grada, en Las Palmas de Gran Canaria, en horario de 10:00 a 14:00 horas.</p>
<p data-start="540" data-end="818">El evento combinará la presentación de experiencias reales en sostenibilidad con talleres participativos en los que los asistentes trabajarán en grupo para desarrollar ideas propias, analizar su impacto social y explorar estrategias de implementación en sus contextos locales.</p>
<p data-start="820" data-end="1169">La jornada incluirá un panel de casos de éxito con iniciativas vinculadas al territorio, un espacio de networking dinámico (<em data-start="944" data-end="960">Pizza for SDGs</em>) que fomentará el intercambio de ideas entre participantes, y tres workshops centrados en la implementación de iniciativas sostenibles, la evaluación del impacto social y el diseño de estrategias de futuro.</p>
<p data-start="1171" data-end="1360">Como resultado de su participación, los asistentes recibirán un certificado YouthPass que acredita las competencias adquiridas en el marco del aprendizaje no formal en proyectos europeos.</p>
<p data-start="1362" data-end="1420">La participación es gratuita y las plazas son limitadas.</p>
<p data-start="1422" data-end="1483"><strong data-start="1425" data-end="1445">Inscríbase aquí:</strong> <a class="decorated-link" href="https://forms.gle/3e6kZqWdxjwixG598" target="_blank" rel="noopener" data-start="1446" data-end="1481">https://forms.gle/3e6kZqWdxjwixG598</a></p>
<p data-start="1422" data-end="1483"><strong>Puede consultar la Agenda Provisional aquí:</strong> <a href="https://consulta-europa.com/wp-content/uploads/Agenda-Provisional-Pizza-for-SDGs-1.pdf" target="_blank" rel="noopener">https://consulta-europa.com/wp-content/uploads/Agenda-Provisional-Pizza-for-SDGs-1.pdf</a></p>

<p>Consulta Europa organiza Pizza for SDGs, un encuentro dirigido a jóvenes de entre 16 y 25 años interesados en conocer y aprender de forma práctica sobre los Objetivos de Desarrollo Sostenible (ODS). La actividad tendrá lugar el próximo 20 de mayo en el Espacio Joven Creativo La Grada, en Las Palmas de Gran Canaria, en [&hellip;]</p>
