{"id":26804,"date":"2026-04-16T12:48:52","date_gmt":"2026-04-16T12:48:52","guid":{"rendered":"https:\/\/consulta-europa.com\/?post_type=mec-events&#038;p=26804"},"modified":"2026-04-22T14:45:18","modified_gmt":"2026-04-22T14:45:18","slug":"evento-final-del-proyecto-aquawind","status":"publish","type":"mec-events","link":"https:\/\/consulta-europa.com\/es\/events-2\/evento-final-del-proyecto-aquawind\/","title":{"rendered":"Evento Final del proyecto AquaWind"},"content":{"rendered":"<p><strong>Fecha:<\/strong> 5 de mayo de 2026 | Hora: 09:30\u201314:30 WEST (10:30\u201315:30 CEST)<br \/>\n<strong>Lugar:<\/strong> Museo Elder de la Ciencia y la Tecnolog\u00eda (Las Palmas de Gran Canaria) y en l\u00ednea<\/p>\n<p>El proyecto AquaWind (GA 101077600) se complace en anunciar su evento p\u00fablico final. Este proyecto insignia de la EMFAF ha alcanzado un hito importante: la demostraci\u00f3n de la primera plataforma mar\u00edtima multiuso de Europa que combina energ\u00eda e\u00f3lica flotante (W2Power) y acuicultura de peces en la cuenca atl\u00e1ntica.<\/p>\n<p><strong>Puntos destacados del evento<\/strong><br \/>\n\u2022 Presentaci\u00f3n de datos t\u00e9cnicos de las pruebas con prototipos, la monitorizaci\u00f3n medioambiental y la acuicultura.<br \/>\n\u2022 Debate sobre los impactos sociales y medioambientales del espacio mar\u00edtimo multiuso.<br \/>\n\u2022 An\u00e1lisis en profundidad de los marcos normativos y la hoja de ruta para su futuro despliegue.<br \/>\n\u2022 Los participantes tendr\u00e1n la oportunidad de participar en una experiencia con prototipos en 3D\/RV y asistir en persona a sesiones espec\u00edficas de networking.<\/p>\n<p><strong>Formato y participaci\u00f3n<\/strong><br \/>\nLa conferencia es un evento h\u00edbrido. Se invita a las partes interesadas a unirse a nosotros en persona en Las Palmas de Gran Canaria, Espa\u00f1a, o a participar a trav\u00e9s de la retransmisi\u00f3n en l\u00ednea.<\/p>\n<p><strong>Inscripci\u00f3n:<\/strong> <a href=\"https:\/\/ec.europa.eu\/eusurvey\/runner\/7af9a952-4d8c-e0cb-d351-f7b815bb96ec\" target=\"_blank\" rel=\"noopener\">https:\/\/ec.europa.eu\/eusurvey\/runner\/7af9a952-4d8c-e0cb-d351-f7b815bb96ec<\/a><\/p>\n<p><strong>Fecha l\u00edmite de inscripci\u00f3n:<\/strong> 30 de abril de 2026<\/p>\n","protected":false},"excerpt":{"rendered":"<p>Fecha: 5 de mayo de 2026 | Hora: 09:30\u201314:30 WEST (10:30\u201315:30 CEST) Lugar: Museo Elder de la Ciencia y la Tecnolog\u00eda (Las Palmas de Gran Canaria) y en l\u00ednea El proyecto AquaWind (GA 101077600) se complace en anunciar su evento p\u00fablico final. Este proyecto insignia de la EMFAF ha alcanzado un hito importante: la demostraci\u00f3n [&hellip;]<\/p>\n","protected":false},"author":2,"featured_media":26811,"comment_status":"closed","ping_status":"closed","template":"","tags":[],"mec_category":[151],"mec_speaker":[],"acf":[],"_links":{"self":[{"href":"https:\/\/consulta-europa.com\/es\/wp-json\/wp\/v2\/mec-events\/26804"}],"collection":[{"href":"https:\/\/consulta-europa.com\/es\/wp-json\/wp\/v2\/mec-events"}],"about":[{"href":"https:\/\/consulta-europa.com\/es\/wp-json\/wp\/v2\/types\/mec-events"}],"author":[{"embeddable":true,"href":"https:\/\/consulta-europa.com\/es\/wp-json\/wp\/v2\/users\/2"}],"replies":[{"embeddable":true,"href":"https:\/\/consulta-europa.com\/es\/wp-json\/wp\/v2\/comments?post=26804"}],"wp:featuredmedia":[{"embeddable":true,"href":"https:\/\/consulta-europa.com\/es\/wp-json\/wp\/v2\/media\/26811"}],"wp:attachment":[{"href":"https:\/\/consulta-europa.com\/es\/wp-json\/wp\/v2\/media?parent=26804"}],"wp:term":[{"taxonomy":"post_tag","embeddable":true,"href":"https:\/\/consulta-europa.com\/es\/wp-json\/wp\/v2\/tags?post=26804"},{"taxonomy":"mec_category","embeddable":true,"href":"https:\/\/consulta-europa.com\/es\/wp-json\/wp\/v2\/mec_category?post=26804"},{"taxonomy":"mec_speaker","embeddable":true,"href":"https:\/\/consulta-europa.com\/es\/wp-json\/wp\/v2\/mec_speaker?post=26804"}],"curies":[{"name":"wp","href":"https:\/\/api.w.org\/{rel}","templated":true}]}}

<p><strong>Fecha:</strong> 5 de mayo de 2026 | Hora: 09:30–14:30 WEST (10:30–15:30 CEST)<br />
<strong>Lugar:</strong> Museo Elder de la Ciencia y la Tecnología (Las Palmas de Gran Canaria) y en línea</p>
<p>El proyecto AquaWind (GA 101077600) se complace en anunciar su evento público final. Este proyecto insignia de la EMFAF ha alcanzado un hito importante: la demostración de la primera plataforma marítima multiuso de Europa que combina energía eólica flotante (W2Power) y acuicultura de peces en la cuenca atlántica.</p>
<p><strong>Puntos destacados del evento</strong><br />
• Presentación de datos técnicos de las pruebas con prototipos, la monitorización medioambiental y la acuicultura.<br />
• Debate sobre los impactos sociales y medioambientales del espacio marítimo multiuso.<br />
• Análisis en profundidad de los marcos normativos y la hoja de ruta para su futuro despliegue.<br />
• Los participantes tendrán la oportunidad de participar en una experiencia con prototipos en 3D/RV y asistir en persona a sesiones específicas de networking.</p>
<p><strong>Formato y participación</strong><br />
La conferencia es un evento híbrido. Se invita a las partes interesadas a unirse a nosotros en persona en Las Palmas de Gran Canaria, España, o a participar a través de la retransmisión en línea.</p>
<p><strong>Inscripción:</strong> <a href="https://ec.europa.eu/eusurvey/runner/7af9a952-4d8c-e0cb-d351-f7b815bb96ec" target="_blank" rel="noopener">https://ec.europa.eu/eusurvey/runner/7af9a952-4d8c-e0cb-d351-f7b815bb96ec</a></p>
<p><strong>Fecha límite de inscripción:</strong> 30 de abril de 2026</p>

<p>Fecha: 5 de mayo de 2026 | Hora: 09:30–14:30 WEST (10:30–15:30 CEST) Lugar: Museo Elder de la Ciencia y la Tecnología (Las Palmas de Gran Canaria) y en línea El proyecto AquaWind (GA 101077600) se complace en anunciar su evento público final. Este proyecto insignia de la EMFAF ha alcanzado un hito importante: la demostración [&hellip;]</p>
